 39*n + 263. Let k(b) = -28*b + 17. What is the tens digit of k(n)?
8
Suppose 51*j + 102620 = 3*s + 47*j, -s + 5*j = -34236. What is the thousands digit of s?
4
Suppose 29*k = 47579 + 41944. What is the thousands digit of k?
3
Let r = -14291 - -24457. What is the units digit of r?
6
Let u(x) = 62*x - 41. Let k be u(8). Suppose 2*f = 2*l + 182, 5*f + l + l = k. What is the tens digit of f?
9
Let d(v) = -2*v - 11. Let z be d(-9). Suppose 5*x + 0*x + 5 = 0, -5*c + 2*x = -z. What is the hundreds digit of c/(26/(-4)) - 59556/(-273)?
2
Suppose 17 - 19 = -2*a, -2*v + 3 = -5*a. Suppose c - v*c - 1785 = -3*y, -5*y = -c - 2959. What is the tens digit of y?
9
Suppose u = 5, 4*c - 4*u + 19 = 7. Suppose 0 = -r + 5*o + 602, c*r - 1149 = -5*o + 4*o. What is the units digit of r?
7
Suppose 2*n = -2*d + 2082, 17*d - 5*n - 2117 = 15*d. What is the tens digit of d?
4
Suppose -7*m + 1796 = -1438. Let q = 650 - m. Suppose -5*u + 3*u + q = 0. What is the units digit of u?
4
Suppose -35994 + 1614 = -6*z. What is the hundreds digit of z?
7
Suppose -34*g = -265*g + 3807804. What is the hundreds digit of g?
4
Let z be ((-8)/(-10))/(14/35). Let i be z*1 + 3/((-12)/8). What is the tens digit of i + 18 + (-5 - (0 - 3))?
1
Let w = -4759 - -12034. Suppose 120 + w = 29*n. What is the hundreds digit of n?
2
Suppose -219*i + 191*i = -142016. What is the tens digit of i?
7
Suppose 32*j - 38*j = 66*j - 2200536. What is the hundreds digit of j?
5
Let j(d) = -d**3 + 7*d**2 + 5*d + 8. Let n be j(8). Let l(w) = w**2 - 14*w + 35. What is the tens digit of l(n)?
1
Let k = -13 - -7. Let g(n) = 18*n + 3 - 27*n + n**2 - 3. What is the units digit of g(k)?
0
Suppose 0 = h - 0*h, -28 = -2*m - h. Let x be ((-21)/m)/(9/(-330)). Suppose x + 287 = 2*d. What is the units digit of d?
1
Suppose -5*l = -4*w + 5*w - 34, 5*l - 10 = 5*w. Suppose -l*g + 4*g - 22 = 0. Let s(z) = z**3 + 14*z**2 + 22*z + 2. What is the hundreds digit of s(g)?
1
Let t(p) be the third derivative of -p**5/60 - p**4/6 - 17*p**2. Let o be t(-2). What is the units digit of (o/(-6))/(-7 + (-19020)/(-2718))?
2
Suppose -x + 5*q = -13263, 0 = -4*x + 8*x - 5*q - 53052. What is the ten thousands digit of x?
1
Let k = 9421 - 5868. What is the tens digit of k?
5
Let r(b) be the first derivative of 2*b**3/3 + 15*b**2/2 - 5*b + 5. Let p be r(-5). What is the units digit of 331/3 + (-5)/p*-2?
0
What is the hundreds digit of (-4 + 2)*635/(-10)?
1
Let t(b) = 3*b**2 + 8*b + 2. Let s be t(-5). Suppose -4*u + s = -419. Suppose 5*f - 122 = 2*r, f - 4*r = -4*f + u. What is the tens digit of f?
2
Let i(y) = -238*y + 361. Let d(g) = -2*g + 2. Let h(u) = -5*d(u) - i(u). What is the hundreds digit of h(8)?
6
Let b be (-120)/16*(-8)/6. Let g be (-4604)/(-10) - (-1)/b*-4. Suppose -5*c = -0*c - g. What is the units digit of c?
2
Suppose 5*n - 84520 = 5*k, -182*n + 180*n + 4*k + 33820 = 0. What is the ten thousands digit of n?
1
Let y(d) = d**3 + d**2 - d - 1. Let a(w) = -3*w**3 - 11*w**2 + 7*w - 1. Let z(f) = a(f) + 4*y(f). What is the tens digit of z(8)?
8
Let s be -3*2 + 3 - -17. Let j be 1 + ((-52)/s - (-2)/(-7)). Let q(d) = 10*d**2 + d + 4. What is the units digit of q(j)?
1
Let b(f) = 52*f + 470. Let h be b(-9). Suppose -c = -3 - 0. What is the units digit of (2 - c/h)*14?
7
Let t be (2 + 3 + -4)*-8. What is the hundreds digit of 1244 + 0 + (17 + t - 8)?
2
Let j(y) = y**3 + 11*y**2 + 7*y + 29. Let n be j(-8). What is the tens digit of 4*n + (-8)/(-32)*12?
6
What is the units digit of 5*((-17793)/18)/(40/(-208))?
1
Let b(c) = 135*c - 18. Let w be b(2). Let y = -162 + w. What is the hundreds digit of ((-655)/(-6) + (-15)/y)*1?
1
Let z(w) = -w**3 + 16*w**2 - 81*w + 18. What is the ten thousands digit of z(-24)?
2
Let u = 3 + 0. Suppose 3*s = u*j, 12 = s - 5*s - 2*j. What is the units digit of s*(-15)/9*(-45)/(-6)?
5
Let g = 9663 - 9329. What is the tens digit of g?
3
Suppose -416190 = 842*o - 857*o. What is the hundreds digit of o?
7
Let i(v) = v**3 - 31*v**2 + 5*v + 14. Let x(m) = 66 - 27 - m**2 - 7*m + 0*m**2. Let b be x(-8). What is the units digit of i(b)?
9
What is the ten thousands digit of (-5)/((-60)/(-2928))*(-2)/((-4)/(-185))?
2
Let f(x) = 6*x**3 - 11*x**2 - 104*x + 296. What is the ten thousands digit of f(20)?
4
Let q(z) be the second derivative of z**4/3 - 10*z**3/3 + 27*z**2/2 + 279*z. What is the thousands digit of q(24)?
1
Let l = -169 - -118. Let i = -46 - l. Suppose -q = 2*y - 5*q - 116, 0 = -4*y + i*q + 229. What is the units digit of y?
6
Suppose 20334 = 3*b - 3*i, -2*i - 26189 = -5*b + 7713. What is the tens digit of b?
8
Let t be -9 + 3183 + -1 + 1 + 4. Suppose 39*l - 1307 = t. What is the hundreds digit of l?
1
Suppose 15 = -5*i + 8*i. Suppose i*k - 10*k = -5*u + 120, -k = 5*u - 114. Let l = u + 60. What is the units digit of l?
3
Suppose -4*f - 190*w + 193*w + 73436 = 0, -2*f + 2*w + 36722 = 0. What is the hundreds digit of f?
3
Suppose 2*q = x - 212 - 1085, 3*q - x = -1945. Let i = q - -1073. What is the units digit of i?
5
Let i(b) = 15*b**3 - 10*b**2 - b + 6. Suppose -o - 3*z + 14 = 0, 2 = -5*o + 4*z - z. What is the units digit of i(o)?
4
Let v be 8/6 - (-15079)/(-3) - -1. What is the hundreds digit of v/(-24) + (-6)/(-9)?
2
Suppose -6*v - 5180 = -11*v + 6460. What is the tens digit of v?
2
Let h = -69600 - -116211. What is the thousands digit of h?
6
Let f = 22460 - 17831. What is the hundreds digit of f?
6
Let n(y) = -y**3 - 11*y**2 + 153*y - 43. What is the tens digit of n(-22)?
1
Suppose 0*t + 2069 = t - w, -4*w - 10343 = -5*t. What is the units digit of 3/(-6) + t/26?
9
Let b = 31 + -29. Let i(h) = 11*h**3 - 3*h**2 + h. Let l be i(b). Suppose 0 = 4*x - 270 - l. What is the units digit of x?
7
What is the hundreds digit of 64599433/1135 - 11/(-5)?
9
Suppose 38*f - 4944 = 14*f. What is the units digit of f/(-4)*(29 + -35)?
9
Let t = 118832 + -80781. What is the hundreds digit of t?
0
Suppose -2*q + 3*h - 105 = 0, -3*q - 27 = h + 103. Let f = 46 + q. Suppose -30 = -u + 3*t, 0 = 4*t + 15 + f. What is the tens digit of u?
1
Let j(v) = 683*v**2 + 9*v + 5. Let s(r) = -228*r**2 - 3*r - 2. Let l(a) = 4*j(a) + 11*s(a). What is the hundreds digit of l(1)?
2
Let c(j) = -j**3 + 11*j**2 - 9*j + 19. Let p(d) = -d + 4. Let v be p(5). Let r be (-1)/(v - 18/(-20)). What is the units digit of c(r)?
9
Suppose -2*m - 3*l = l + 220, -l + 330 = -3*m. Let d be 175/21*(-90)/50. Let f = d - m. What is the units digit of f?
5
What is the units digit of 87/(-696) + 2 + (-598107)/(-24)?
3
Let g(v) = -v**3 + 19*v**2 + 20*v + 11. Let y be g(20). Let m = 17 + y. What is the units digit of m/182 + 752/13?
8
Suppose -2*m + a + 21883 = 0, -15*m + 11*m + 43767 = -a. What is the tens digit of m?
4
Let z(w) = w**3 + 11*w**2 + 18*w + 5. Let p be z(-9). Suppose 4*v = 5*v + p*o - 527, 0 = 4*v + 5*o - 2063. What is the units digit of v?
2
What is the ten thousands digit of (500093/22 - -11)*(2 - 0)?
4
Suppose m = -8*h + 12*h - 26081, h = -2*m + 6527. What is the units digit of h?
1
Let d = 323 + -345. Let a = d - -817. What is the units digit of a?
5
Suppose -3*g + 5 - 14 = 0, -4*q = 4*g - 3160. Let c = q + -156. What is the tens digit of c?
3
Suppose -3*j = -20*j - 6*j + 202538. What is the tens digit of j?
0
Suppose -11*k + 12316 - 27180 = -154916. What is the hundreds digit of k?
7
Suppose 7*s - 13*s = 0. Suppose 30*q - 40*q + 3540 = s. What is the tens digit of q?
5
Suppose -15 + 11 = 4*r. Let g be (-31)/(-2) - -2 - r/(-2). Let i = g - -243. What is the hundreds digit of i?
2
Let i(f) be the first derivative of f**3/3 - 7*f**2/2 - 5*f - 19. Let m be i(8). Suppose 0 = 3*v + m*x - 606, v - 4*x - x = 178. What is the units digit of v?
8
Let u = -8146 - -11880. What is the tens digit of u?
3
Suppose 27*h - 30*h - 2*l + 21433 = 0, -2*l = -h + 7147. What is the thousands digit of h?
7
Suppose p = -2*s + 49, -5*p + 7*p = 2*s - 58. Suppose 0*i = -2*i + 8. Suppose -a = -6*u + i*u + s, u = -3*a + 6. What is the units digit of u?
2
Suppose 4*m - 3997 = -5*t, -3*m - 7*t = -3*t - 2997. Suppose -141 + m = 2*q. What is the units digit of q?
1
Let f(d) = 2*d**2 + 16*d + 28. Let o be f(-2). Suppose -1531 - 381 = -o*a + 4*c, 981 = 2*a + 3*c. What is the units digit of a?
3
Let q(t) = 108*t**2 - 99*t + 1340. What is the hundreds digit of q(11)?
3
Let u(w) = -w**3 + 15